of 121762?
2, 23, 2647
What are the prime factors of 11613592?
2, 31, 46829
List the prime factors of 8891190.
2, 3, 5, 7, 11, 1283
List the prime factors of 279669.
3, 13, 71, 101
List the prime factors of 1260009.
3, 23, 2029
List the prime factors of 67238.
2, 33619
List the prime factors of 535982.
2, 37, 7243
List the prime factors of 7869756.
2, 3, 197, 3329
What are the prime factors of 191122?
2, 95561
What are the prime factors of 4086470?
2, 5, 41, 9967
What are the prime factors of 384546?
2, 3, 64091
List the prime factors of 2713187.
83, 97, 337
List the prime factors of 226085.
5, 103, 439
What are the prime factors of 23790?
2, 3, 5, 13, 61
List the prime factors of 775822.
2, 387911
List the prime factors of 1270176.
2, 3, 101, 131
What are the prime factors of 10928357?
11, 37, 2441
List the prime factors of 13141734.
2, 3, 37, 59197
List the prime factors of 4584750.
2, 3, 5, 6113
What are the prime factors of 1964325?
3, 5, 11, 2381
What are the prime factors of 7167396?
2, 3, 139, 4297
What are the prime factors of 204197?
7, 31, 941
What are the prime factors of 5447503?
5447503
List the prime factors of 665613.
3, 13, 5689
List the prime factors of 521302.
2, 260651
List the prime factors of 325984.
2, 61, 167
What are the prime factors of 946635?
3, 5, 223, 283
List the prime factors of 1028887.
61, 101, 167
What are the prime factors of 10540357?
17, 739, 839
List the prime factors of 285321.
3, 95107
List the prime factors of 36424.
2, 29, 157
What are the prime factors of 1678650?
2, 3, 5, 19, 31
What are the prime factors of 31471?
11, 2861
What are the prime factors of 334474?
2, 7, 3413
What are the prime factors of 647655?
3, 5, 43177
List the prime factors of 273605.
5, 54721
What are the prime factors of 1811310?
2, 3, 5, 173, 349
List the prime factors of 146072.
2, 19, 31
List the prime factors of 18606434.
2, 7, 11, 19, 6359
What are the prime factors of 915705?
3, 5, 7, 17, 19
What are the prime factors of 8683628?
2, 2170907
List the prime factors of 645584.
2, 157, 257
List the prime factors of 14079953.
2531, 5563
List the prime factors of 45490.
2, 5, 4549
What are the prime factors of 294590?
2, 5, 89, 331
What are the prime factors of 1636487?
97, 16871
List the prime factors of 2501373.
3, 7, 311, 383
List the prime factors of 3143726.
2, 79, 101, 197
List the prime factors of 14325298.
2, 13, 550973
List the prime factors of 375540.
2, 3, 5, 11, 569
List the prime factors of 462187.
11, 42017
List the prime factors of 5209474.
2, 2604737
What are the prime factors of 4144945?
5, 7, 19, 23, 271
List the prime factors of 836430.
2, 3, 5, 7, 569
What are the prime factors of 269559?
3, 61, 491
List the prime factors of 198652.
2, 49663
List the prime factors of 16564349.
107, 154807
List the prime factors of 76632.
2, 3, 31, 103
List the prime factors of 21589192.
2, 2698649
List the prime factors of 10279704.
2, 3, 107, 4003
List the prime factors of 41553.
3, 19
What are the prime factors of 343367?
23, 14929
What are the prime factors of 3313556?
2, 821, 1009
What are the prime factors of 212562?
2, 3, 7, 241
List the prime factors of 288918.
2, 3, 7, 2293
What are the prime factors of 2942543?
29, 101467
What are the prime factors of 1050450?
2, 3, 5, 47, 149
What are the prime factors of 5234091?
3, 1744697
What are the prime factors of 1024058?
2, 7, 193, 379
List the prime factors of 5392230.
2, 3, 5, 17, 97, 109
List the prime factors of 7553267.
7553267
List the prime factors of 3921454.
2, 23, 163, 523
What are the prime factors of 927067?
19, 59, 827
What are the prime factors of 14855074?
2, 13, 19, 30071
What are the prime factors of 372839?
372839
What are the prime factors of 99756?
2, 3, 17, 163
List the prime factors of 77438.
2, 31, 1249
List the prime factors of 391734.
2, 3, 7, 3109
What are the prime factors of 6836599?
7, 11, 19, 4673
What are the prime factors of 700318?
2, 350159
What are the prime factors of 348930?
2, 3, 5, 3877
What are the prime factors of 508088?
2, 7, 43, 211
List the prime factors of 151817.
151817
What are the prime factors of 6624351?
3, 736039
What are the prime factors of 290712?
2, 3, 12113
What are the prime factors of 4916156?
2, 7, 337, 521
What are the prime factors of 20583138?
2, 3, 3430523
What are the prime factors of 8238170?
2, 5, 59, 13963
What are the prime factors of 124932?
2, 3, 29, 359
What are the prime factors of 495791?
495791
What are the prime factors of 275313?
3, 91771
List the prime factors of 6378475.
5, 23, 11093
What are the prime factors of 5396217?
3, 1798739
What are the prime factors of 106462?
2, 53231
List the prime factors of 887061.
3, 7, 53, 797
What are the prime factors of 102414?
2, 3, 13, 101
What are the prime factors of 1785290?
2, 5, 13, 31, 443
List the prime factors of 1021813.
13, 83, 947
List the prime factors of 43277.
13, 3329
List the prime factors of 2158133.
17, 126949
What are the prime factors of 325701?
3, 4021
What are the prime factors of 285400?
2, 5, 1427
What are the prime factors of 12615063?
3, 23, 7949
List the prime factors of 251126.
2, 307, 409
List the prime factors of 5553351.
3, 617039
List the prime factors of 27577.
11, 23, 109
List the prime factors of 4541516.
2, 7, 17, 29, 47
What are the prime factors of 657103?
599, 1097
What are the prime factors of 553865?
5, 13, 8521
What are the prime factors of 356274?
2, 3, 19793
What are the prime factors of 158649?
3, 52883
List the prime factors of 10196411.
10196411
List the prime factors of 36945.
3, 5, 821
List the prime factors of 397038.
2, 3, 66173
List the prime factors of 17850260.
2, 5, 892513
List the prime factors of 770047.
770047
List the prime factors of 44.
2, 11
List the prime factors of 616953.
3, 205651
List the prime factors of 6979585.
5, 409, 3413
List the prime factors of 1473485.
5, 13, 22669
What are the prime factors of 338301?
3, 37589
List the prime factors of 8067380.
2, 5, 403369
What are the prime factors of 1311252?
2, 3, 113, 967
What are the prime factors of 11204569?
2657, 4217
What are the prime factors of 265162?
2, 197, 673
What are the prime factors of 42990?
2, 3, 5, 1433
List the prime factors of 193450.
2, 5, 53, 73
List the prime factors of 88852.
2, 97, 229
List the prime factors of 984140.
2, 5, 49207
List the prime factors of 3966041.
19, 208739
List the prime factors of 209963.
13, 31, 521
What are the prime factors of 665585?
5, 133117
What are the prime factors of 127475?
5, 5099
What are the prime factors of 257293?
257293
List the prime factors of 516175.
5, 11, 1877
What are the prime factors of 970409?
11, 47, 1877
What are the prime factors of 819099?
3, 23, 1319
List the prime factors of 23183579.
43, 539153
List the prime factors of 9052362.
2, 3, 11, 131, 349
What are the prime factors of 17690908?
2, 821, 5387
List the prime factors of 255799.
17, 41, 367
List the prime factors of 8171489.
1783, 4583
List the prime factors of 434456.
2, 11, 4937
What are the prime factors of 517197?
3, 172399
What are the prime factors of 447459?
3, 149153
What are the prime factors of 329107?
23, 41, 349
List the prime factors of 25196023.
17, 73, 79, 257
List the prime factors of 2038744.
2, 73, 3491
What are the prime factors of 182006?
2, 11, 8273
List the prime factors of 10588138.
2, 11, 181, 2659
List the prime factors of 7185435.
3, 5, 479029
List the prime factors of 530806.
2, 265403
What are the prime factors of 1623854?
2, 19, 151, 283
What are the prime factors of 1658055?
3, 5, 7, 15791
List the prime factors of 16053540.
2, 3, 5, 23, 11633
List the prime factors of 19099148.
2, 1399, 3413
List the prime factors of 11608191.
3, 7, 59, 347
What are the prime factors of 40440?
2, 3, 5, 337
List the prime factors of 15725.
5, 17, 37
What are the prime factors of 24924382?
2, 7, 47, 37879
List the prime factors of 1122326.
2, 83, 6761
List the prime factors of 2828065.
5, 565613
What are the prime factors of 730858?
2, 29, 12601
List the prime factors of 863885.
5, 11, 113, 139
What are the prime factors of 451868?
2, 112967
What are the prime factors of 3681958?
2, 7, 37571
What are the prime factors of 11829?
3, 3943
List the prime factors of 288726.
2, 3, 48121
List the prime f